**2 + 1. Let l be a(1). Calculate the remainder when 4 is divided by c(l).
1
Suppose 0*z = -z + 21. What is the remainder when 7111/117 + (-4)/(-18) is divided by z?
19
Calculate the remainder when 24 is divided by (3/(-9))/((-3)/81).
6
Let x = 14 + -8. Suppose 5*t - 32 = 3*t. What is the remainder when (-2)/x*(-139 - 2) is divided by t?
15
Let m be (-1)/4 - 65/(-4). Suppose -x - m = 4*g, 4*x + g - 1 = -2*g. Suppose -t - x = -30. What is the remainder when t is divided by 9?
8
Suppose 0 = 2*w - 3*o + 13, -8*w + 4*w = -3*o + 11. Calculate the remainder when 3 is divided by w.
0
Suppose -5 - 9 = -2*f. Let n(s) = -s**3 + 9*s**2 - 9*s - 10. Suppose 0 = -4*q + 6*q - 26. Calculate the remainder when n(f) is divided by q.
12
Suppose -9 = -3*y, 2*y + 0*y - 18 = -3*o. Let n = o - 2. Suppose -7*q + n*q = -230. What is the remainder when q is divided by 16?
14
Let t(x) = -x - 3. Let m be t(-6). Suppose 3*z - 3*n - 7 = z, 2*n = m*z - 23. Calculate the remainder when 21 is divided by z.
10
Let b = 134 - 90. Suppose p + 3 = 2*s, -3 = -4*s + 3*s. Suppose p*v - b = -v. What is the remainder when 21 is divided by v?
10
Suppose 4*k + 5 = -19. Let c(p) = -2*p - 4. Calculate the remainder when 15 is divided by c(k).
7
Let j = 18 - 12. Calculate the remainder when 17 is divided by j.
5
Suppose -3*n = 5*z - n + 166, -5*z - 5*n = 175. Let u = -6 - z. Calculate the remainder when u is divided by 7.
5
Let a = 9 - 5. Suppose 3*y + 39 = a*r + 8, 0 = -3*r + 3*y + 24. What is the remainder when 13 is divided by r?
6
Calculate the remainder when 19 is divided by 44/6 - (-15)/(-45).
5
Let f be ((-3)/2)/((-6)/8). Suppose -2*v + 5*v - 51 = -2*n, 5*v - 104 = 3*n. Calculate the remainder when -16*((-7)/f + 0) is divided by v.
18
Suppose 58 = 2*f - y + 175, 3*f - 5*y = -186. Let k = 84 + f. Calculate the remainder when k is divided by 15.
12
Let a(m) be the second derivative of m**5/20 + 2*m**4/3 - 11*m**3/6 - 5*m**2/2 - 6*m. What is the remainder when 36 is divided by a(-9)?
10
Let q = -299 - -466. Calculate the remainder when q is divided by 34.
31
Suppose 0 = -3*k + 3 + 75. Let l(v) = 2*v + 5. What is the remainder when k is divided by l(1)?
5
Let m = 11 - 7. Suppose 0*n - 2*g = 2*n - 4, m*n - 5*g = 17. Suppose n*d + 9 = 6*d. Calculate the remainder when 8 is divided by d.
2
Let s = 43 - 36. What is the remainder when 46 is divided by s?
4
Suppose 3*c + 3 = 0, z + 0*z = -4*c + 17. Let y = z + 8. What is the remainder when y is divided by 15?
14
Suppose 3*h + 5*a = 2*h + 2, a - 49 = -2*h. Let x = h - -6. Calculate the remainder when 64 is divided by x.
31
Let s(i) = i**3 + 3*i**2 - 3*i - 5. Calculate the remainder when s(4) is divided by 32.
31
Let t = 32 - 19. Suppose 0 = 3*g + 2*g - 180. Calculate the remainder when g is divided by t.
10
Let o(v) = 2*v**2 - 4*v - 1. Let j be o(3). Suppose -2*g - 2*g - 2*l + 34 = 0, -j*l = -5*g + 35. Calculate the remainder when 30 is divided by g.
6
Let d(i) = 4*i + 2. Let y be d(7). Let v = 64 - y. Let m(a) = a**2 - 3*a - 6. What is the remainder when v is divided by m(6)?
10
Calculate the remainder when 126/4 + 4/8 is divided by 11.
10
Let v = 37 + -13. What is the remainder when 44 is divided by v?
20
Suppose 10 = r + m - 45, 3*r + 5*m - 169 = 0. What is the remainder when r is divided by 14?
11
Suppose 0 = -4*v - 0*v. Suppose i + 2*w - 7 = -2*i, -4*i + 4*w + 16 = v. Let s = i - -7. Calculate the remainder when 19 is divided by s.
9
What is the remainder when 20 + (1 - 3)/(-1) is divided by 5?
2
Suppose 4*l - 7 = 13. Suppose 5*y - 665 = -l*b, -2*y + 2*b + 3*b + 231 = 0. Suppose -35 = 3*u - y. What is the remainder when u is divided by 11?
9
Let f = 23 - 5. Let t(w) = 12*w**2 + 4*w - 3. What is the remainder when t(2) is divided by f?
17
Let u(v) = v**3 - 3*v**2 + 5*v - 2. Let z be u(4). Suppose 7 = -3*p + z. What is the remainder when 25 is divided by p?
7
Let p = -11 + 15. What is the remainder when 11 is divided by p?
3
Calculate the remainder when -2*1 - -52 - 2 is divided by (44/(-16) - 1)/(3/(-20)).
23
Let q = -6 - -4. Calculate the remainder when 5 is divided by (-2 + 6)*q/(-4).
1
Let z be -4 - -3 - -3 - 23. Let g = z - -46. What is the remainder when 97 is divided by g?
22
Let n be (-1)/3 - 4/(-12). Suppose -m - 3*c - 3 + 1 = n, m + c - 4 = 0. What is the remainder when 19 is divided by m?
5
Suppose 3*o - 2*o = z + 56, 5*o + 4*z = 262. Calculate the remainder when o is divided by 19.
16
Suppose 5*g + 4*b - 191 + 61 = 0, 3*b + 51 = 3*g. Let l = 3 + 0. Suppose -5 = l*r - 197. What is the remainder when r is divided by g?
20
Let i(w) = -5*w**3 - w**2 - w. Let l = 6 + -7. Let t be i(l). Suppose 0 = t*c - 3*c - 18. Calculate the remainder when 17 is divided by c.
8
Suppose -3*u + 3*x - 6 = 0, 2*x = -3*u - 2*x + 22. Let l = u + -5. Calculate the remainder when l*1*25/(-3) is divided by 13.
12
Suppose 0 = 6*s - 3*s - 24. Let t(u) = -u**3 + 2*u**2 + u + 1. Calculate the remainder when s is divided by t(2).
2
Let y(k) = k**3 - 2*k**2 - 5*k + 6. Let z be y(3). What is the remainder when 7 is divided by 0/(3 + z) - -2?
1
Let i(y) = -y**3 + 7*y**2 + 8*y + 10. Let u be i(8). What is the remainder when 0 + 47 + u/5 is divided by 25?
24
Suppose 2*u - 10 = p, -8 = 2*p - 0*p. What is the remainder when u is divided by 2?
1
What is the remainder when 70 is divided by (195/3)/5 + 2?
10
Suppose 2*l + 25 = 57. What is the remainder when 29 is divided by l?
13
Let t(c) = -c**3 + 3*c**2 + 3*c - 3. Suppose -3*m = -7*m. Suppose m = -0*n - 2*n + 20. Calculate the remainder when n is divided by t(3).
4
Suppose -3*w + 395 = -67. Let g be w/5 + 2/10. Suppose 5 - g = -2*j. Calculate the remainder when 25 is divided by j.
12
Let w = 41 + -17. Let i = w - 1. Calculate the remainder when i is divided by 8.
7
Suppose 0 = -0*l - 3*l + 3, -5*l = -3*n + 4. Let q(c) = c + 1. Calculate the remainder when n is divided by q(2).
0
Let w(k) = k**3 + 5*k**2 + 2*k + 10. Let i be w(-5). Suppose i = -21*u + 16*u + 45. Calculate the remainder when 24 is divided by u.
6
Let i = -1 + -5. Let c = 11 - i. What is the remainder when 31 is divided by c?
14
Suppose 202 = 2*j - 2*h - 0*h, j + 4*h = 91. What is the remainder when j is divided by 26?
21
Suppose -5*j = -5*w + 555, 0 = j + 2*j + 6. Calculate the remainder when w is divided by 10.
9
Let o be 1*45/3*-1. Let w = 0 - o. What is the remainder when 42 is divided by w?
12
Let f be (6 - 1) + -1 + -2. Suppose f*w - 84 = -2*w. What is the remainder when 40 is divided by w?
19
Let k = 14 - 64. Let d = 108 + k. Let i = 65 - 45. Calculate the remainder when d is divided by i.
18
Suppose 4*r + 154 - 483 = 3*o, -r + 5*o + 78 = 0. What is the remainder when r is divided by 12?
11
Let j = 388 + -742. What is the remainder when (-1)/2 - j/12 is divided by 8?
5
Let t(k) = 8*k - 10. Suppose -p = -15 - 1. What is the remainder when t(7) is divided by p?
14
Suppose -4*y + 3*y + f + 88 = 0, y - 5*f = 72. Suppose 0 = -2*q + 4*q - 62. Calculate the remainder when y is divided by q.
30
Let q = -9 - -18. Let l be -2*(-375)/6 - 3. Suppose -5*m - 37 = -l. Calculate the remainder when m is divided by q.
8
Suppose -2*f + 3*c + 22 = -134, f - 76 = c. What is the remainder when f is divided by 26?
20
Let h = -5 + 7. Suppose 7*y - h*y - 38 = 2*r, 3*y - 27 = -3*r. Suppose 3 = m, -2*t + 2*m + 53 = 5*m. Calculate the remainder when t is divided by y.
6
Suppose 0*c - 2*c = 0. Suppose -2*f + 1 = -b, -b - b - 5*f - 20 = c. Let g(o) = -o**3 - 5*o**2 - 4*o - 3. What is the remainder when g(b) is divided by 6?
5
Suppose -5*k + 99 = -6. Calculate the remainder when k is divided by 12.
9
Suppose -96 = -0*k - 4*k. Calculate the remainder when 46 is divided by k.
22
Suppose 21 = 4*i - 47. Suppose 0 = -2*a + 5*a - 9. Suppose -48 = -4*p + 3*n, -3*p + p - a*n = -6. What is the remainder when i is divided by p?
8
Let x(g) = -g**2 - 7*g + 5. Let k = -3 - 3. Calculate the remainder when 16/(-5)*10/(-1) is divided by x(k).
10
Suppose 9 = -3*y, 4*t - 66 + 21 = -y. What is the remainder when t is divided by 8?
4
Let z(g) = g**3 + 3*g**2 - 2*g. Let k be z(-4). Let d = 9 - k. Calculate the remainder when d is divided by 9.
8
Let v(f) = f**2 - 9*f + 2. Let i be v(6). Let y = -9 - i. Calculate the remainder when y is divided by 3.
1
Suppose -z = -5*r + 2*r + 141, 2*z = -2*r + 1